f 7807079?
7, 1115297
List the prime factors of 5955295.
5, 29, 67, 613
What are the prime factors of 5087170?
2, 5, 11, 103, 449
What are the prime factors of 301304?
2, 37663
What are the prime factors of 788407?
167, 4721
List the prime factors of 185075.
5, 11, 673
What are the prime factors of 20987421?
3, 7, 13, 59, 1303
What are the prime factors of 189878?
2, 13, 67, 109
What are the prime factors of 13186177?
13186177
What are the prime factors of 775657?
233, 3329
What are the prime factors of 20587657?
71, 289967
What are the prime factors of 89850?
2, 3, 5, 599
List the prime factors of 332693.
443, 751
What are the prime factors of 647820?
2, 3, 5, 59, 61
List the prime factors of 4878982.
2, 2439491
List the prime factors of 122683.
11, 19, 587
List the prime factors of 69970.
2, 5, 6997
What are the prime factors of 379086?
2, 3, 23, 41, 67
What are the prime factors of 3115831?
3115831
List the prime factors of 396405.
3, 5, 23, 383
What are the prime factors of 22114136?
2, 11, 251297
List the prime factors of 11668791.
3, 167, 23291
List the prime factors of 1905141.
3, 7, 257, 353
List the prime factors of 737930.
2, 5, 109, 677
List the prime factors of 647788.
2, 161947
List the prime factors of 9627538.
2, 41, 137, 857
List the prime factors of 391575.
3, 5, 23, 227
What are the prime factors of 40229481?
3, 13409827
List the prime factors of 5832858.
2, 3, 59, 16477
List the prime factors of 1331759.
11, 13, 67, 139
What are the prime factors of 70457?
70457
List the prime factors of 8064287.
7, 11, 9521
List the prime factors of 228454.
2, 103, 1109
What are the prime factors of 13401471?
3, 307, 14551
What are the prime factors of 728137?
19, 2017
List the prime factors of 6207055.
5, 47, 61, 433
What are the prime factors of 144453?
3, 179, 269
What are the prime factors of 6278?
2, 43, 73
What are the prime factors of 6715915?
5, 1343183
What are the prime factors of 1851860?
2, 5, 92593
What are the prime factors of 3823202?
2, 577, 3313
What are the prime factors of 255606?
2, 3, 13, 29, 113
List the prime factors of 1388312.
2, 173539
What are the prime factors of 107643?
3, 53, 677
List the prime factors of 4895658.
2, 3, 271981
List the prime factors of 209133.
3, 19, 1223
List the prime factors of 265724.
2, 66431
List the prime factors of 2034207.
3, 7, 47, 229
List the prime factors of 12151397.
149, 81553
List the prime factors of 2118155.
5, 13, 32587
List the prime factors of 375294.
2, 3, 62549
List the prime factors of 441172.
2, 53, 2081
List the prime factors of 10116291.
3, 257, 13121
What are the prime factors of 12739618?
2, 37, 172157
What are the prime factors of 825854?
2, 19, 103, 211
List the prime factors of 17490535.
5, 17, 347, 593
What are the prime factors of 413594?
2, 227, 911
What are the prime factors of 10548276?
2, 3, 879023
What are the prime factors of 21123377?
11, 751, 2557
What are the prime factors of 2588996?
2, 31, 20879
List the prime factors of 258819.
3, 11, 23, 31
What are the prime factors of 109512?
2, 3, 13
What are the prime factors of 1792743?
3, 597581
List the prime factors of 284714.
2, 142357
What are the prime factors of 671001?
3, 223667
List the prime factors of 169152.
2, 3, 881
List the prime factors of 5091008.
2, 13, 29, 211
What are the prime factors of 2997680?
2, 5, 7, 53, 101
List the prime factors of 4572856.
2, 509, 1123
List the prime factors of 4369332.
2, 3, 11, 79, 419
List the prime factors of 13280922.
2, 3, 9109
What are the prime factors of 818356?
2, 7, 11, 2657
What are the prime factors of 17019978?
2, 3, 71, 39953
What are the prime factors of 11926714?
2, 29, 205633
List the prime factors of 113028.
2, 3, 9419
List the prime factors of 5700595.
5, 181, 6299
List the prime factors of 131464.
2, 16433
What are the prime factors of 5279294?
2, 257, 10271
List the prime factors of 374241.
3, 7, 71, 251
What are the prime factors of 10417721?
773, 13477
List the prime factors of 23740880.
2, 5, 19, 15619
What are the prime factors of 28040009?
28040009
List the prime factors of 114594.
2, 3, 71, 269
List the prime factors of 1336219.
103, 12973
What are the prime factors of 2107253?
89, 23677
What are the prime factors of 12457974?
2, 3, 17, 37, 3301
What are the prime factors of 11845680?
2, 3, 5, 7, 11, 641
What are the prime factors of 634072?
2, 79259
What are the prime factors of 3253086?
2, 3, 17, 10631
What are the prime factors of 25977006?
2, 3, 11, 11927
List the prime factors of 272782.
2, 17, 71, 113
What are the prime factors of 293058?
2, 3, 67
What are the prime factors of 5682332?
2, 1420583
What are the prime factors of 4459536?
2, 3, 31, 37
List the prime factors of 4112228.
2, 487, 2111
What are the prime factors of 268780?
2, 5, 89, 151
What are the prime factors of 2528980?
2, 5, 31, 4079
List the prime factors of 391763.
347, 1129
List the prime factors of 773292.
2, 3, 13, 4957
What are the prime factors of 1484996?
2, 371249
List the prime factors of 20158.
2, 10079
List the prime factors of 85629.
3, 17, 23, 73
List the prime factors of 141019.
31, 4549
What are the prime factors of 1163671?
1163671
What are the prime factors of 7824352?
2, 17, 19, 757
What are the prime factors of 509837?
509837
List the prime factors of 7129335.
3, 5, 475289
List the prime factors of 12405621.
3, 89, 97, 479
What are the prime factors of 131407?
331, 397
What are the prime factors of 35847?
3, 7, 569
What are the prime factors of 200612?
2, 50153
List the prime factors of 14985456.
2, 3, 312197
List the prime factors of 432565.
5, 7, 17, 727
What are the prime factors of 129845?
5, 25969
What are the prime factors of 426505?
5, 197, 433
What are the prime factors of 767563?
61, 12583
What are the prime factors of 162103?
47, 3449
List the prime factors of 3344390.
2, 5, 7, 47777
What are the prime factors of 2221956?
2, 3, 11, 31, 181
What are the prime factors of 3764106?
2, 3, 17, 12301
What are the prime factors of 1105768?
2, 67, 2063
What are the prime factors of 7810318?
2, 61, 64019
List the prime factors of 3405202.
2, 17, 100153
List the prime factors of 200762.
2, 37, 2713
List the prime factors of 3475733.
43, 80831
List the prime factors of 859467.
3, 7, 40927
What are the prime factors of 15877082?
2, 13, 17, 2113
What are the prime factors of 365138?
2, 79, 2311
List the prime factors of 336972.
2, 3, 28081
What are the prime factors of 769777?
17, 45281
What are the prime factors of 3784896?
2, 3, 6571
What are the prime factors of 18232097?
13, 29, 137, 353
What are the prime factors of 2250501?
3, 11, 47, 1451
What are the prime factors of 1252801?
11, 113891
What are the prime factors of 30088098?
2, 3, 79, 2351
List the prime factors of 13329900.
2, 3, 5, 4937
List the prime factors of 475754.
2, 237877
What are the prime factors of 16664540?
2, 5, 491, 1697
What are the prime factors of 16634?
2, 8317
What are the prime factors of 311290?
2, 5, 7, 4447
What are the prime factors of 241838?
2, 120919
List the prime factors of 6828.
2, 3, 569
List the prime factors of 9983253.
3, 7, 431, 1103
What are the prime factors of 14903?
7, 2129
What are the prime factors of 859616?
2, 26863
What are the prime factors of 1346004?
2, 3, 11, 103
List the prime factors of 698.
2, 349
What are the prime factors of 129226?
2, 64613
What are the prime factors of 2036377?
7, 421, 691
List the prime factors of 259491.
3, 67, 1291
List the prime factors of 130631.
130631
List the prime factors of 221264.
2, 13829
List the prime factors of 374427.
3, 41603
What are the prime factors of 841030?
2, 5, 31, 2713
List the prime factors of 756757.
43, 17599
What are the prime factors of 82565?
5, 7, 337
What are the prime factors of 1242858?
2, 3, 359, 577
What are the prime factors of 4726905?
3, 5, 315127
List the prime factors of 4232349.
3, 11, 42751
What are the prime factors of 2780568?
2, 3, 7, 613
What are the prime factors of 995120?
2, 5, 7, 1777
List the prime factors of 433677.
3, 37, 3907
What are the prime factors of 2015598?
2, 3, 13, 25841
What are the prime factors of 149775?
3, 5, 1997
List the prime factors of 10855363.
31, 241, 1453
List the prime factors of 1165975.
5, 46639
List the prime factors of 327651.
3, 14